.
28
Suppose -5*i + 18*i + 1300 = 0. Let r = -74 - i. Calculate the highest common factor of r and 286.
26
Let h = 179774 + -179726. Suppose 2*m - 5*m + 504 = 0. Calculate the greatest common factor of h and m.
24
Let l(n) = 25*n**2 - 10*n + 20. Let p be l(4). Calculate the greatest common divisor of p and 285.
95
Suppose 0 = -5*c + j + 1024, -4*c - 4*j = 110 - 910. Suppose -b = 3*w - c, 3*w - 27 = 5*b + 195. What is the greatest common factor of w and 253?
23
Let q(d) be the third derivative of 19*d**4/24 + 13*d**3/6 - d**2 + 15. Let j be q(1). Calculate the greatest common factor of 4 and j.
4
Let d(x) = 2*x**3 - 5*x**2 + x + 3. Let r be d(5). Suppose -124 = 9*u - r. What is the greatest common factor of 2 and u?
1
Let v(s) = 12*s**2 - 196*s - 1843. Let z be v(74). What is the highest common factor of 45 and z?
45
Let z = -51 + 57. Let y be 19/6 - ((-5)/z)/(-5). Suppose -12 = y*h + 3*m - 8*m, -5*m + 19 = 4*h. What is the highest common divisor of h and 7?
1
Let a be (306 - 3)/(4 + (-10)/4). What is the greatest common divisor of a and 8?
2
Suppose 3*a - 218 - 244 = 0. Suppose 1078 = 3*b + a. What is the highest common divisor of 84 and b?
28
Let k be 0 + 0 - (-884)/22 - 378/2079. Suppose -4*l + 66 + 54 = 0. Calculate the highest common factor of k and l.
10
Let n(t) = -t**2 - 48 - 47 + 92 - 6*t. Let c be n(-4). Suppose 264 = h + h + k, -c*h - 2*k = -661. What is the highest common divisor of 19 and h?
19
Suppose 48 = 5*m - 5*s - 367, -3*s = -4*m + 337. What is the greatest common divisor of 22 and m?
22
Let t(d) = -66*d + 1. Let g be t(-2). Let o be (-3 - (1 - 4))*1. Suppose 5*w - 48 = -2*h, o*h - 23 = -h - 2*w. Calculate the highest common divisor of h and g.
19
Let d be (-19)/((-950)/(-40))*-45. Calculate the highest common factor of 3396 and d.
12
Let w(n) = 2910*n - 52270. Let b be w(18). Suppose -2*j - 352 = -4*j. What is the highest common divisor of b and j?
22
Suppose r + 3 + 20 = 4*p, -4*r - 22 = -2*p. Suppose p*d + 281 + 149 = 0. Let l = -51 - d. Calculate the greatest common divisor of l and 7.
7
Let z be ((-6)/(-15))/(3/270)*-1. Let t = z + 29. Let c = -1 - t. Calculate the highest common divisor of 48 and c.
6
Let k(x) = -2*x**2 + 6*x + 16*x - 244 + 234. Let s be k(9). Calculate the highest common divisor of 13 and s.
13
Suppose -u + 4*t + 109 = 0, -5*u + 7*t = 3*t - 561. Calculate the highest common factor of u and 3.
1
Let i be ((-5)/10*(-10)/(-15))/(3/(-576)). What is the highest common divisor of i and 1656?
8
Let w be (30 + -115)/((-2)/((-2)/(-1))). Suppose m = 5*f + w, -226 = -4*m + 2*m - 4*f. What is the greatest common factor of 14 and m?
7
Let k be (-13)/((-143)/(-88)) - (-118 + 0). What is the highest common divisor of k and 7370?
110
Suppose -207*y + 224*y = 96679. Calculate the highest common factor of 94 and y.
47
Let z(n) = n**3 - 15*n**2 - 13*n - 44. Let t be z(16). Suppose t*f = -2*s + 66, 9*s = 5*f + 13*s - 78. Calculate the highest common divisor of f and 9.
9
Let d = 25 - 33. Let w be 16/(d/2) - -86. Suppose 3*k + 4*c + 88 = 4*k, k = c + w. What is the greatest common divisor of 200 and k?
40
Let y(b) = 5*b**2 + 5*b + 6. Let g be y(-4). Let s = 219698 - 219599. Calculate the greatest common factor of g and s.
33
Let h = -87 + 261. Suppose -3*i = -4*x + 12, 15 = 5*i - i + 5*x. Suppose 2*p - 14 - 44 = i. Calculate the highest common divisor of p and h.
29
Let m(d) = d**2 - 14*d + 2. Let k be m(17). Let q = -111 + k. Let x = 72 + q. Calculate the greatest common divisor of x and 98.
14
Let w be 8/((420/(-75))/14*(-30)/213). Calculate the greatest common divisor of w and 7739.
71
Suppose 14*k = -27*k + 7408 + 1489. Calculate the highest common divisor of k and 35.
7
Let n be (-1 - -3) + 9/((-54)/(-24)). Let t(m) = -272*m**2 - m + 2 + 275*m**2 - n*m. Let c be t(3). What is the greatest common factor of c and 8?
8
Let w be (0 - -5)/((-2700)/(-2031480)). What is the greatest common divisor of w and 2736?
342
Suppose 9 - 42 = -3*q. Suppose l + 5*p + 49 = 0, 0*l = l + 4*p + 50. Let m = l - -109. Calculate the greatest common divisor of m and q.
11
Suppose 0 = 310*p - 309*p + 2. Let n be (-28)/21*(1/(-1) + p). What is the greatest common divisor of 284 and n?
4
Let b(h) = 8*h**3 + 12*h**2 - 32*h + 15. Let p be b(6). What is the highest common divisor of 6 and p?
3
Suppose 44 = -14*d - 26. Let l be d*6/255 - 682/(-17). Calculate the greatest common factor of 200 and l.
40
Let p = -19842 - -20012. Calculate the greatest common factor of p and 782.
34
Let u be 1877 + 6/9 + 253/(-33). Calculate the highest common divisor of 330 and u.
110
Suppose 70*r - 1523 = 165 + 552. Calculate the greatest common factor of 1016 and r.
8
Let s(z) = z**2 - 3*z + 20. Let q(n) = n**3 + 19*n**2 + 34*n + 8. Let d be q(-17). Let h be s(d). What is the greatest common divisor of h and 12?
12
Let n = 16 - 30. Let c = -11 - n. Suppose -c*p + 6*p - 66 = 0. What is the highest common factor of 55 and p?
11
Suppose -y + 1228 = -3*o + 1240, 0 = -4*y - 5*o + 156. Let d(r) = 4*r**2 + 6*r - 4. Let t be d(4). Calculate the highest common divisor of y and t.
12
Suppose -52*d + 102781 = -100227. What is the highest common divisor of 384 and d?
64
Let r = -30849 - -31415. Calculate the greatest common factor of r and 32.
2
Let w(v) = -292*v + 68. Let t be w(-9). Let d be t/28 - (-2)/(-7). What is the greatest common factor of d and 6?
6
Let v = 156 - 99. Suppose 5*m + v = 4*b + 6, 5*b - 57 = 4*m. What is the highest common divisor of 12 and b?
3
Suppose 56*c = 5039 + 4425. What is the highest common factor of c and 507?
169
Let v(u) = -u**3 + 13*u**2 + 13*u + 68. Let m be v(7). Calculate the greatest common factor of 1661 and m.
151
Let h = 11574 + -7434. Calculate the greatest common factor of h and 40.
20
Suppose -3*x + 37 = k, -557 = -9*k - 2*k - 3*x. What is the highest common divisor of 2678 and k?
26
Suppose 0 = -0*b + 11*b - 297. Suppose -272 = -b*q + 10*q. What is the highest common factor of q and 272?
16
Let k = 201 - 191. Let g be (-205)/k*(3 - 5) - 1. Calculate the highest common factor of 280 and g.
40
Suppose -201 + 69 = -4*p. Let g(l) = -6*l**3 - l - 1. Let k be g(-1). Calculate the highest common factor of k and p.
3
Suppose 0 = 4*r + 16, -33*r = 3*v - 36*r - 969. What is the highest common factor of 7 and v?
1
Let a = -1339 + 3723. Calculate the highest common divisor of 16 and a.
16
Suppose -5*d - m + 5446 = 0, 4*m = 75 - 71. Calculate the greatest common factor of 2057 and d.
121
Let h be (-76)/6*(-150)/4. Suppose -10*g + 5*u = -13*g + 47, 4*g - 86 = 5*u. Calculate the highest common factor of g and h.
19
Suppose 3*q + 0*o = o + 1770, 5*q - 2964 = -3*o. Let t = 616 - q. Calculate the greatest common factor of 25 and t.
25
Let y = -162 + 166. Suppose 5*o - 1011 = -y*x + 6*o, 5*o + 1023 = 4*x. What is the highest common factor of 72 and x?
36
Suppose 5*r - 535 = -215. Let h = 109 - 156. Let j = h + 55. Calculate the greatest common divisor of r and j.
8
Let k(i) be the second derivative of i**5/20 + 5*i**4/2 - 16*i**3/3 - 15*i**2/2 - 85*i. Let t be k(-31). What is the greatest common factor of t and 24?
8
Let l(q) = q**3 + 63*q**2 + 124*q + 132. Let u be l(-61). What is the greatest common divisor of u and 7130?
10
Suppose 0 = -5*b + 48 + 132. Let v = -1298 + 1406. Let m = v - b. What is the highest common divisor of m and 16?
8
Suppose 0 = 4*r - 154 - 386. Let x = -73 - -82. Let q be x + -7 + 22 + 3. Calculate the highest common divisor of q and r.
27
Let y be ((-4)/72)/(-1) - (-32549740)/360. Calculate the highest common divisor of y and 16.
16
Suppose 92*u - 87*u = -655. Suppose 192 + 1168 = 10*s. Let b = u + s. What is the greatest common factor of b and 5?
5
Suppose -p + 5 = -7. Let h be 667/5 + (15 - -2) + 7360/(-400). What is the highest common divisor of p and h?
12
Suppose 0 = v + r - 160, -4*v - 3*r - 2*r = -644. Suppose 68 + 10 = 6*l. Suppose 11 + l = 2*d. Calculate the greatest common divisor of v and d.
12
Let w(f) = f**2 + 13*f - 16. Let h be w(6). Suppose -2*v + 60 = 5*n - 0*v, -n + 5*v + 39 = 0. Calculate the highest common divisor of h and n.
14
Let z be (-1)/((-1)/(-5))*-5. Let y(h) = 176*h**2 - 5*h + 4. Let x = -80 + 81. Let l be y(x). Calculate the highest common factor of l and z.
25
Let q be 2/(-5) + 1534/(-65). L